{"id":7,"date":"2013-04-26T18:16:21","date_gmt":"2013-04-26T15:16:21","guid":{"rendered":"http:\/\/www.mamarosa.fi\/?page_id=7"},"modified":"2017-06-22T21:43:34","modified_gmt":"2017-06-22T18:43:34","slug":"miehisto","status":"publish","type":"page","link":"http:\/\/www.mamarosa.fi\/blog\/?page_id=7","title":{"rendered":"Miehist\u00f6"},"content":{"rendered":"<p><a href=\"http:\/\/www.mamarosa.fi\/blog\/wp-content\/uploads\/2016\/08\/2016-08-18-19.35.31.jpg\"><img loading=\"lazy\" class=\"alignnone size-medium wp-image-2496\" src=\"http:\/\/www.mamarosa.fi\/blog\/wp-content\/uploads\/2016\/08\/2016-08-18-19.35.31-300x254.jpg\" alt=\"\" width=\"300\" height=\"254\" srcset=\"http:\/\/www.mamarosa.fi\/blog\/wp-content\/uploads\/2016\/08\/2016-08-18-19.35.31-300x254.jpg 300w, http:\/\/www.mamarosa.fi\/blog\/wp-content\/uploads\/2016\/08\/2016-08-18-19.35.31-768x651.jpg 768w, http:\/\/www.mamarosa.fi\/blog\/wp-content\/uploads\/2016\/08\/2016-08-18-19.35.31-1024x868.jpg 1024w, http:\/\/www.mamarosa.fi\/blog\/wp-content\/uploads\/2016\/08\/2016-08-18-19.35.31-624x529.jpg 624w, http:\/\/www.mamarosa.fi\/blog\/wp-content\/uploads\/2016\/08\/2016-08-18-19.35.31.jpg 1920w\" sizes=\"(max-width: 300px) 100vw, 300px\" \/><\/a><\/p>\n<p><strong>Kaitsu<\/strong> on purjehtinut lapsesta asti. H\u00e4n pit\u00e4\u00e4 erilaisista merimiesperinteist\u00e4 ja kunnioittaa hyv\u00e4\u00e4 merimiestapaa. Jos vain sattuu paikalle, niin h\u00e4n on mielell\u00e4\u00e4n laiturilla auttamassa t\u00f6ijaavia veneit\u00e4. Ja h\u00e4n arvostaa muita, jotka tekev\u00e4t samoin. Nuorempana Kaitsu oli aktiivisesti mukana vapaaehtoisessa meripelastustoiminnassa, mutta en\u00e4\u00e4 tuolle hienolle harrastukselle ei ole riitt\u00e4nyt aikaa. Kaitsu on n\u00f6rtti\u00a0\u2013 my\u00f6s veneess\u00e4.<\/p>\n<p><a href=\"http:\/\/www.mamarosa.fi\/blog\/wp-content\/uploads\/2017\/06\/19143133_10155612039423081_8441582980297841615_o.jpg\"><img loading=\"lazy\" class=\"alignnone size-medium wp-image-2693\" src=\"http:\/\/www.mamarosa.fi\/blog\/wp-content\/uploads\/2017\/06\/19143133_10155612039423081_8441582980297841615_o-300x220.jpg\" alt=\"\" width=\"300\" height=\"220\" srcset=\"http:\/\/www.mamarosa.fi\/blog\/wp-content\/uploads\/2017\/06\/19143133_10155612039423081_8441582980297841615_o-300x220.jpg 300w, http:\/\/www.mamarosa.fi\/blog\/wp-content\/uploads\/2017\/06\/19143133_10155612039423081_8441582980297841615_o-768x564.jpg 768w, http:\/\/www.mamarosa.fi\/blog\/wp-content\/uploads\/2017\/06\/19143133_10155612039423081_8441582980297841615_o-1024x752.jpg 1024w, http:\/\/www.mamarosa.fi\/blog\/wp-content\/uploads\/2017\/06\/19143133_10155612039423081_8441582980297841615_o-624x458.jpg 624w, http:\/\/www.mamarosa.fi\/blog\/wp-content\/uploads\/2017\/06\/19143133_10155612039423081_8441582980297841615_o.jpg 2018w\" sizes=\"(max-width: 300px) 100vw, 300px\" \/><\/a><\/p>\n<p><strong>Kristiina<\/strong> l\u00f6ysi purjehduksen Kaitsun kautta. H\u00e4n k\u00e4vi Oulun Merenk\u00e4vij\u00f6iden purjehduskoulun kes\u00e4ll\u00e4 2000. Kristiinan vastuulla veneess\u00e4 on miehist\u00f6n huolto ja muonitus. Maissakin ruokaan intohimoisesti suhtautuva Kristiina on pentterin kruunaamaton kuningatar. Luonteeltaan avoin ja puhelias Kristiina nauttii veneilyn sosiaalisuudesta.<\/p>\n<p><a href=\"http:\/\/www.mamarosa.fi\/blog\/wp-content\/uploads\/2017\/06\/20170617_180529.jpg\"><img loading=\"lazy\" class=\"alignnone size-medium wp-image-2695\" src=\"http:\/\/www.mamarosa.fi\/blog\/wp-content\/uploads\/2017\/06\/20170617_180529-300x228.jpg\" alt=\"\" width=\"300\" height=\"228\" srcset=\"http:\/\/www.mamarosa.fi\/blog\/wp-content\/uploads\/2017\/06\/20170617_180529-300x228.jpg 300w, http:\/\/www.mamarosa.fi\/blog\/wp-content\/uploads\/2017\/06\/20170617_180529-768x585.jpg 768w, http:\/\/www.mamarosa.fi\/blog\/wp-content\/uploads\/2017\/06\/20170617_180529-1024x780.jpg 1024w, http:\/\/www.mamarosa.fi\/blog\/wp-content\/uploads\/2017\/06\/20170617_180529-624x475.jpg 624w, http:\/\/www.mamarosa.fi\/blog\/wp-content\/uploads\/2017\/06\/20170617_180529.jpg 1920w\" sizes=\"(max-width: 300px) 100vw, 300px\" \/><\/a><\/p>\n<p><strong>Otto<\/strong> (s. 2006) on perheen esikoinen joka syntyi kun radiosta tuli Meris\u00e4\u00e4. Otto on innokas futaaja ja usein h\u00e4n on tiukan paikan edess\u00e4, kun t\u00e4ytyy valita jalkapalloturnauksen ja purjehdusreissun v\u00e4lill\u00e4. Veneess\u00e4kin on aina pallo mukana. Otto on my\u00f6s kova penkkiurheilija ja v\u00e4\u00e4nt\u00e4\u00e4 oitis radion isommalle, kun sielt\u00e4 tulee urheilua. Talvisin otto viihtyy laskettelurinteiss\u00e4. Tunnetaan my\u00f6s nimell\u00e4 Odeson.<\/p>\n<p><a href=\"http:\/\/www.mamarosa.fi\/blog\/wp-content\/uploads\/2016\/07\/20160703_165505.jpg\"><img loading=\"lazy\" class=\"alignnone size-medium wp-image-2330\" src=\"http:\/\/www.mamarosa.fi\/blog\/wp-content\/uploads\/2016\/07\/20160703_165505-300x213.jpg\" alt=\"\" width=\"300\" height=\"213\" srcset=\"http:\/\/www.mamarosa.fi\/blog\/wp-content\/uploads\/2016\/07\/20160703_165505-300x213.jpg 300w, http:\/\/www.mamarosa.fi\/blog\/wp-content\/uploads\/2016\/07\/20160703_165505-768x544.jpg 768w, http:\/\/www.mamarosa.fi\/blog\/wp-content\/uploads\/2016\/07\/20160703_165505-1024x725.jpg 1024w, http:\/\/www.mamarosa.fi\/blog\/wp-content\/uploads\/2016\/07\/20160703_165505-624x442.jpg 624w, http:\/\/www.mamarosa.fi\/blog\/wp-content\/uploads\/2016\/07\/20160703_165505.jpg 1920w\" sizes=\"(max-width: 300px) 100vw, 300px\" \/><\/a><\/p>\n<p><strong>Emil<\/strong> (s. 2007) el\u00e4\u00e4 mielell\u00e4\u00e4n virtuaalimaailmassa. L\u00e4pp\u00e4rit, t\u00e4pp\u00e4rit, kuulokkeet ja v\u00e4h\u00e4n muutakin tekniikkaa kuluu h\u00e4nen henkil\u00f6kohtaiseen varustukseen. H\u00e4n my\u00f6s pit\u00e4\u00e4 hyvist\u00e4 kirjoista ja arvostaa kunnon huumoria. Emil onnistuu herke\u00e4m\u00e4tt\u00f6m\u00e4sti keskittym\u00e4\u00e4n omaan mielikuvitusmaailmaansa my\u00f6s tiukoissa tilanteissa. L\u00e4sn\u00e4olijoita Emil viihdytt\u00e4\u00e4 aina sopivasti mieleen juolahtavilla vitseill\u00e4. Emilin mielest\u00e4 veneess\u00e4 tulevat kaikkein parhaimmat unet. #pelimies #koodikoulu #minecraft #youtube<\/p>\n<p><a href=\"http:\/\/www.mamarosa.fi\/blog\/wp-content\/uploads\/2016\/07\/IMG_7221.jpg\"><img loading=\"lazy\" class=\"alignnone size-medium wp-image-2412\" src=\"http:\/\/www.mamarosa.fi\/blog\/wp-content\/uploads\/2016\/07\/IMG_7221-300x217.jpg\" alt=\"\" width=\"300\" height=\"217\" srcset=\"http:\/\/www.mamarosa.fi\/blog\/wp-content\/uploads\/2016\/07\/IMG_7221-300x217.jpg 300w, http:\/\/www.mamarosa.fi\/blog\/wp-content\/uploads\/2016\/07\/IMG_7221-768x556.jpg 768w, http:\/\/www.mamarosa.fi\/blog\/wp-content\/uploads\/2016\/07\/IMG_7221-1024x741.jpg 1024w, http:\/\/www.mamarosa.fi\/blog\/wp-content\/uploads\/2016\/07\/IMG_7221-624x451.jpg 624w, http:\/\/www.mamarosa.fi\/blog\/wp-content\/uploads\/2016\/07\/IMG_7221.jpg 1920w\" sizes=\"(max-width: 300px) 100vw, 300px\" \/><\/a><\/p>\n<p><strong>Ida<\/strong> (s. 2008) on perheen prinsessa. Neidille Mamarosa on koti siin\u00e4 miss\u00e4 &#8221;talvikotikin&#8221; \u2013 tosin h\u00e4n asustelee mielell\u00e4\u00e4n my\u00f6s kavereiden veneiss\u00e4. Ida on todellinen herkkusuu. H\u00e4nen lempiherkkujaan ovat mm. sillivoileiv\u00e4t ja voimakkaat juustot. Vauhdikas neiti harrastaa hiphopia ja h\u00e4nen partionimi on Kirppu. Laivakoirat ovat l\u00e4hell\u00e4 Idan syd\u00e4nt\u00e4.<\/p>\n","protected":false},"excerpt":{"rendered":"<p>Kaitsu on purjehtinut lapsesta asti. H\u00e4n pit\u00e4\u00e4 erilaisista merimiesperinteist\u00e4 ja kunnioittaa hyv\u00e4\u00e4 merimiestapaa. Jos vain sattuu paikalle, niin h\u00e4n on mielell\u00e4\u00e4n laiturilla auttamassa t\u00f6ijaavia veneit\u00e4. Ja h\u00e4n arvostaa muita, jotka tekev\u00e4t samoin. Nuorempana Kaitsu oli aktiivisesti mukana vapaaehtoisessa meripelastustoiminnassa, mutta en\u00e4\u00e4 tuolle hienolle harrastukselle ei ole riitt\u00e4nyt aikaa. Kaitsu on n\u00f6rtti\u00a0\u2013 my\u00f6s veneess\u00e4. Kristiina l\u00f6ysi [&hellip;]<\/p>\n","protected":false},"author":1,"featured_media":0,"parent":0,"menu_order":0,"comment_status":"closed","ping_status":"closed","template":"","meta":{"_mi_skip_tracking":false},"jetpack_sharing_enabled":true,"jetpack_shortlink":"https:\/\/wp.me\/P5Jzdp-7","_links":{"self":[{"href":"http:\/\/www.mamarosa.fi\/blog\/index.php?rest_route=\/wp\/v2\/pages\/7"}],"collection":[{"href":"http:\/\/www.mamarosa.fi\/blog\/index.php?rest_route=\/wp\/v2\/pages"}],"about":[{"href":"http:\/\/www.mamarosa.fi\/blog\/index.php?rest_route=\/wp\/v2\/types\/page"}],"author":[{"embeddable":true,"href":"http:\/\/www.mamarosa.fi\/blog\/index.php?rest_route=\/wp\/v2\/users\/1"}],"replies":[{"embeddable":true,"href":"http:\/\/www.mamarosa.fi\/blog\/index.php?rest_route=%2Fwp%2Fv2%2Fcomments&post=7"}],"version-history":[{"count":22,"href":"http:\/\/www.mamarosa.fi\/blog\/index.php?rest_route=\/wp\/v2\/pages\/7\/revisions"}],"predecessor-version":[{"id":2697,"href":"http:\/\/www.mamarosa.fi\/blog\/index.php?rest_route=\/wp\/v2\/pages\/7\/revisions\/2697"}],"wp:attachment":[{"href":"http:\/\/www.mamarosa.fi\/blog\/index.php?rest_route=%2Fwp%2Fv2%2Fmedia&parent=7"}],"curies":[{"name":"wp","href":"https:\/\/api.w.org\/{rel}","templated":true}]}}